{"id":65,"date":"2023-04-17T09:14:27","date_gmt":"2023-04-17T12:14:27","guid":{"rendered":"http:\/\/revistaideas.com.ar\/?page_id=65"},"modified":"2025-12-19T10:41:31","modified_gmt":"2025-12-19T13:41:31","slug":"novedades","status":"publish","type":"page","link":"https:\/\/revistaideas.com.ar\/","title":{"rendered":"Novedades"},"content":{"rendered":"\n<p class=\"has-text-align-center has-black-color has-luminous-vivid-orange-background-color has-text-color has-background has-link-color wp-elements-6d9a6e5a04b168180884cfb5a8dd4e59\"><strong>\u00a1Ya est\u00e1 disponible <em>Ideas, revista de filosof\u00eda moderna y contempor\u00e1nea<\/em> 22: primavera 2025! <\/strong><\/p>\n\n\n<div class=\"wp-block-image\">\n<figure class=\"aligncenter size-full is-resized\"><a href=\"https:\/\/revistaideas.com.ar\/ojs\/index.php\/ideas\/index\"><img loading=\"lazy\" decoding=\"async\" width=\"1813\" height=\"2560\" src=\"https:\/\/revistaideas.com.ar\/wp-content\/uploads\/2025\/12\/IDEAS22-tapita-scaled.jpg\" alt=\"\" class=\"wp-image-489\" style=\"width:1159px;height:auto\" srcset=\"https:\/\/revistaideas.com.ar\/wp-content\/uploads\/2025\/12\/IDEAS22-tapita-scaled.jpg 1813w, https:\/\/revistaideas.com.ar\/wp-content\/uploads\/2025\/12\/IDEAS22-tapita-212x300.jpg 212w, https:\/\/revistaideas.com.ar\/wp-content\/uploads\/2025\/12\/IDEAS22-tapita-725x1024.jpg 725w, https:\/\/revistaideas.com.ar\/wp-content\/uploads\/2025\/12\/IDEAS22-tapita-768x1084.jpg 768w, https:\/\/revistaideas.com.ar\/wp-content\/uploads\/2025\/12\/IDEAS22-tapita-1088x1536.jpg 1088w, https:\/\/revistaideas.com.ar\/wp-content\/uploads\/2025\/12\/IDEAS22-tapita-1451x2048.jpg 1451w\" sizes=\"(max-width: 1813px) 100vw, 1813px\" \/><\/a><\/figure><\/div>\n\n\n<p class=\"has-text-align-center\">Descargar <em>Ideas, revista de filosof\u00eda moderna y contempor\u00e1nea<\/em> 22 : <a href=\"https:\/\/revistaideas.com.ar\/wp-content\/uploads\/2025\/12\/IDEAS22-web-xDobles.pdf\">p\u00e1gina doble<\/a> \/\/ <a href=\"https:\/\/revistaideas.com.ar\/wp-content\/uploads\/2025\/12\/IDEAS22-web.pdf\">p\u00e1gina simple <\/a><\/p>\n\n\n\n<p class=\"has-black-color has-white-background-color has-text-color has-background\"><em>Ideas, revista de filosof\u00eda moderna y contempor\u00e1nea<\/em> es una revista de filosof\u00eda electr\u00f3nica bianual de acceso abierto y gratuito que tiene por objetivo la exposici\u00f3n de investigaciones cient\u00edficas, la difusi\u00f3n de ideas y la puesta en debate de tem\u00e1ticas concernientes a la filosof\u00eda y la historia de la filosof\u00eda moderna y contempor\u00e1nea. Dirigida tanto a investigadores y fil\u00f3sofos de profesi\u00f3n como al p\u00fablico interesado en la discusi\u00f3n filos\u00f3fica, Ideas atiende a la calidad cient\u00edfica, la originalidad y la innovaci\u00f3n de las contribuciones as\u00ed como tambi\u00e9n al inter\u00e9s que ellas tienen para la comunidad filos\u00f3fica, acad\u00e9mica y no acad\u00e9mica de nuestra regi\u00f3n y del mundo. Ideas, revista de filosof\u00eda moderna y contempor\u00e1nea es una publicaci\u00f3n de <a href=\"https:\/\/ragifediciones.com.ar\/index.php\/re\">Ragif Ediciones<\/a>. Dado que la revista no se sostiene con aportes de ninguna instituci\u00f3n p\u00fablica ni privada, invitamos a nuestrxs lectores a suscribirse para que podemos seguir ofreciendo contenidos de calidad, libres y gratuitos.<\/p>\n\n\n<div class=\"wp-block-image is-style-rounded\">\n<figure class=\"aligncenter size-large is-resized\"><a href=\"https:\/\/ragifediciones.com.ar\/index.php\/re\/contribuci%C3%B3n\"><img loading=\"lazy\" decoding=\"async\" width=\"1024\" height=\"202\" src=\"https:\/\/revistaideas.com.ar\/wp-content\/uploads\/2023\/04\/suscripciones-1024x202.jpg\" alt=\"\" class=\"wp-image-180\" style=\"aspect-ratio:5.166666666666667;width:362px;height:auto\" srcset=\"https:\/\/revistaideas.com.ar\/wp-content\/uploads\/2023\/04\/suscripciones-1024x202.jpg 1024w, https:\/\/revistaideas.com.ar\/wp-content\/uploads\/2023\/04\/suscripciones-300x59.jpg 300w, https:\/\/revistaideas.com.ar\/wp-content\/uploads\/2023\/04\/suscripciones-768x151.jpg 768w, https:\/\/revistaideas.com.ar\/wp-content\/uploads\/2023\/04\/suscripciones.jpg 1183w\" sizes=\"(max-width: 1024px) 100vw, 1024px\" \/><\/a><\/figure><\/div>\n\n\n<div class=\"wp-block-columns is-layout-flex wp-container-core-columns-layout-2 wp-block-columns-is-layout-flex\">\n<div class=\"wp-block-column is-layout-flow wp-block-column-is-layout-flow\" style=\"flex-basis:100%\">\n<div class=\"wp-block-group is-layout-constrained wp-block-group-is-layout-constrained\"><div class=\"wp-block-group__inner-container\">\n<div class=\"wp-block-columns is-layout-flex wp-container-core-columns-layout-1 wp-block-columns-is-layout-flex\">\n<div class=\"wp-block-column is-layout-flow wp-block-column-is-layout-flow\" style=\"flex-basis:100%\">\n<div class=\"wp-block-group is-layout-constrained wp-block-group-is-layout-constrained\"><div class=\"wp-block-group__inner-container\">\n<figure class=\"wp-block-gallery has-nested-images columns-default is-cropped wp-block-gallery-1 is-layout-flex wp-block-gallery-is-layout-flex\">\n<figure class=\"wp-block-image alignwide size-large\"><img loading=\"lazy\" decoding=\"async\" width=\"1024\" height=\"562\" src=\"https:\/\/revistaideas.com.ar\/wp-content\/uploads\/2024\/05\/banner-ideas-1024x562.jpg\" alt=\"\" class=\"wp-image-396\" srcset=\"https:\/\/revistaideas.com.ar\/wp-content\/uploads\/2024\/05\/banner-ideas-1024x562.jpg 1024w, https:\/\/revistaideas.com.ar\/wp-content\/uploads\/2024\/05\/banner-ideas-300x165.jpg 300w, https:\/\/revistaideas.com.ar\/wp-content\/uploads\/2024\/05\/banner-ideas-768x421.jpg 768w, https:\/\/revistaideas.com.ar\/wp-content\/uploads\/2024\/05\/banner-ideas-1536x843.jpg 1536w, https:\/\/revistaideas.com.ar\/wp-content\/uploads\/2024\/05\/banner-ideas-2048x1124.jpg 2048w\" sizes=\"(max-width: 1024px) 100vw, 1024px\" \/><\/figure>\n<\/figure>\n<\/div><\/div>\n<\/div>\n<\/div>\n<\/div><\/div>\n<\/div>\n<\/div>\n\n\n<div class=\"wp-block-image\">\n<figure class=\"aligncenter size-large is-resized\"><a href=\"https:\/\/ragifediciones.com.ar\/index.php\/re\"><img loading=\"lazy\" decoding=\"async\" width=\"1024\" height=\"1024\" src=\"https:\/\/revistaideas.com.ar\/wp-content\/uploads\/2023\/09\/RAGIFlogo-set-1024x1024.jpg\" alt=\"\" class=\"wp-image-291\" style=\"width:642px;height:auto\" srcset=\"https:\/\/revistaideas.com.ar\/wp-content\/uploads\/2023\/09\/RAGIFlogo-set-1024x1024.jpg 1024w, https:\/\/revistaideas.com.ar\/wp-content\/uploads\/2023\/09\/RAGIFlogo-set-300x300.jpg 300w, https:\/\/revistaideas.com.ar\/wp-content\/uploads\/2023\/09\/RAGIFlogo-set-150x150.jpg 150w, https:\/\/revistaideas.com.ar\/wp-content\/uploads\/2023\/09\/RAGIFlogo-set-768x768.jpg 768w, https:\/\/revistaideas.com.ar\/wp-content\/uploads\/2023\/09\/RAGIFlogo-set-1536x1536.jpg 1536w, https:\/\/revistaideas.com.ar\/wp-content\/uploads\/2023\/09\/RAGIFlogo-set-2048x2048.jpg 2048w\" sizes=\"(max-width: 1024px) 100vw, 1024px\" \/><\/a><\/figure><\/div>\n\n\n<p class=\"has-cyan-bluish-gray-background-color has-background\">Invitamos tambi\u00e9n a nuestrxs lectores a visitar el n\u00famero de la prestigiosa revista<strong> <\/strong><em>Comparative and Continental Philosophy Journal<\/em><strong> <\/strong>(Taylor &amp; Francis) dedicado al Grupo Editor de <em>Ideas, revista de filosof\u00eda moderna y contempor\u00e1nea. <\/em>Los art\u00edculos originales y redactados especialmente para este volumen pueden encontrarse aqu\u00ed (en ingl\u00e9s): <a href=\"https:\/\/www.tandfonline.com\/toc\/yccp20\/13\/1?nav=tocList\" target=\"_blank\" rel=\"noreferrer noopener\">Volume 13, Issue 1 (2021)<\/a> <\/p>\n","protected":false},"excerpt":{"rendered":"<p>\u00a1Ya est\u00e1 disponible Ideas, revista de filosof\u00eda moderna y contempor\u00e1nea 22: primavera 2025! Descargar Ideas, revista de filosof\u00eda moderna y contempor\u00e1nea 22 : p\u00e1gina doble \/\/ p\u00e1gina simple Ideas, revista de filosof\u00eda moderna y contempor\u00e1nea es una revista de filosof\u00eda electr\u00f3nica bianual de acceso abierto y gratuito que tiene por objetivo la exposici\u00f3n de investigaciones&hellip;<\/p>\n","protected":false},"author":1,"featured_media":0,"parent":0,"menu_order":0,"comment_status":"closed","ping_status":"closed","template":"","meta":{"_monsterinsights_skip_tracking":false,"_monsterinsights_sitenote_active":false,"_monsterinsights_sitenote_note":"","_monsterinsights_sitenote_category":0,"footnotes":""},"yoast_head":"<!-- This site is optimized with the Yoast SEO plugin v21.9 - https:\/\/yoast.com\/wordpress\/plugins\/seo\/ -->\n<title>Novedades - Ideas<\/title>\n<meta name=\"robots\" content=\"index, follow, max-snippet:-1, max-image-preview:large, max-video-preview:-1\" \/>\n<link rel=\"canonical\" href=\"https:\/\/revistaideas.com.ar\/\" \/>\n<meta property=\"og:locale\" content=\"es_ES\" \/>\n<meta property=\"og:type\" content=\"article\" \/>\n<meta property=\"og:title\" content=\"Novedades - Ideas\" \/>\n<meta property=\"og:description\" content=\"\u00a1Ya est\u00e1 disponible Ideas, revista de filosof\u00eda moderna y contempor\u00e1nea 22: primavera 2025! Descargar Ideas, revista de filosof\u00eda moderna y contempor\u00e1nea 22 : p\u00e1gina doble \/\/ p\u00e1gina simple Ideas, revista de filosof\u00eda moderna y contempor\u00e1nea es una revista de filosof\u00eda electr\u00f3nica bianual de acceso abierto y gratuito que tiene por objetivo la exposici\u00f3n de investigaciones&hellip;\" \/>\n<meta property=\"og:url\" content=\"https:\/\/revistaideas.com.ar\/\" \/>\n<meta property=\"og:site_name\" content=\"Ideas\" \/>\n<meta property=\"article:publisher\" content=\"https:\/\/www.facebook.com\/ideas.revista.de.filosofia\" \/>\n<meta property=\"article:modified_time\" content=\"2025-12-19T13:41:31+00:00\" \/>\n<meta property=\"og:image\" content=\"https:\/\/revistaideas.com.ar\/wp-content\/uploads\/2025\/12\/IDEAS22-tapita-scaled.jpg\" \/>\n<meta name=\"twitter:card\" content=\"summary_large_image\" \/>\n<meta name=\"twitter:label1\" content=\"Tiempo de lectura\" \/>\n\t<meta name=\"twitter:data1\" content=\"2 minutos\" \/>\n<script type=\"application\/ld+json\" class=\"yoast-schema-graph\">{\"@context\":\"https:\/\/schema.org\",\"@graph\":[{\"@type\":\"WebPage\",\"@id\":\"https:\/\/revistaideas.com.ar\/\",\"url\":\"https:\/\/revistaideas.com.ar\/\",\"name\":\"Novedades - Ideas\",\"isPartOf\":{\"@id\":\"https:\/\/revistaideas.com.ar\/#website\"},\"datePublished\":\"2023-04-17T12:14:27+00:00\",\"dateModified\":\"2025-12-19T13:41:31+00:00\",\"breadcrumb\":{\"@id\":\"https:\/\/revistaideas.com.ar\/#breadcrumb\"},\"inLanguage\":\"es-AR\",\"potentialAction\":[{\"@type\":\"ReadAction\",\"target\":[\"https:\/\/revistaideas.com.ar\/\"]}]},{\"@type\":\"BreadcrumbList\",\"@id\":\"https:\/\/revistaideas.com.ar\/#breadcrumb\",\"itemListElement\":[{\"@type\":\"ListItem\",\"position\":1,\"name\":\"Inicio\",\"item\":\"https:\/\/revistaideas.com.ar\/\"},{\"@type\":\"ListItem\",\"position\":2,\"name\":\"Novedades\"}]},{\"@type\":\"WebSite\",\"@id\":\"https:\/\/revistaideas.com.ar\/#website\",\"url\":\"https:\/\/revistaideas.com.ar\/\",\"name\":\"Ideas, revista de filosof\u00eda moderna y contempor\u00e1nea\",\"description\":\"Revista de filosof\u00eda moderna y contempor\u00e1nea\",\"publisher\":{\"@id\":\"https:\/\/revistaideas.com.ar\/#organization\"},\"potentialAction\":[{\"@type\":\"SearchAction\",\"target\":{\"@type\":\"EntryPoint\",\"urlTemplate\":\"https:\/\/revistaideas.com.ar\/?s={search_term_string}\"},\"query-input\":\"required name=search_term_string\"}],\"inLanguage\":\"es-AR\"},{\"@type\":\"Organization\",\"@id\":\"https:\/\/revistaideas.com.ar\/#organization\",\"name\":\"RAGIF Ediciones\",\"url\":\"https:\/\/revistaideas.com.ar\/\",\"logo\":{\"@type\":\"ImageObject\",\"inLanguage\":\"es-AR\",\"@id\":\"https:\/\/revistaideas.com.ar\/#\/schema\/logo\/image\/\",\"url\":\"https:\/\/revistaideas.com.ar\/wp-content\/uploads\/2023\/09\/RAGIFlogo-set.jpg\",\"contentUrl\":\"https:\/\/revistaideas.com.ar\/wp-content\/uploads\/2023\/09\/RAGIFlogo-set.jpg\",\"width\":2362,\"height\":2362,\"caption\":\"RAGIF Ediciones\"},\"image\":{\"@id\":\"https:\/\/revistaideas.com.ar\/#\/schema\/logo\/image\/\"},\"sameAs\":[\"https:\/\/www.facebook.com\/ideas.revista.de.filosofia\",\"https:\/\/www.instagram.com\/revista_ideas\/\"]}]}<\/script>\n<!-- \/ Yoast SEO plugin. -->","yoast_head_json":{"title":"Novedades - Ideas","robots":{"index":"index","follow":"follow","max-snippet":"max-snippet:-1","max-image-preview":"max-image-preview:large","max-video-preview":"max-video-preview:-1"},"canonical":"https:\/\/revistaideas.com.ar\/","og_locale":"es_ES","og_type":"article","og_title":"Novedades - Ideas","og_description":"\u00a1Ya est\u00e1 disponible Ideas, revista de filosof\u00eda moderna y contempor\u00e1nea 22: primavera 2025! Descargar Ideas, revista de filosof\u00eda moderna y contempor\u00e1nea 22 : p\u00e1gina doble \/\/ p\u00e1gina simple Ideas, revista de filosof\u00eda moderna y contempor\u00e1nea es una revista de filosof\u00eda electr\u00f3nica bianual de acceso abierto y gratuito que tiene por objetivo la exposici\u00f3n de investigaciones&hellip;","og_url":"https:\/\/revistaideas.com.ar\/","og_site_name":"Ideas","article_publisher":"https:\/\/www.facebook.com\/ideas.revista.de.filosofia","article_modified_time":"2025-12-19T13:41:31+00:00","og_image":[{"url":"https:\/\/revistaideas.com.ar\/wp-content\/uploads\/2025\/12\/IDEAS22-tapita-scaled.jpg"}],"twitter_card":"summary_large_image","twitter_misc":{"Tiempo de lectura":"2 minutos"},"schema":{"@context":"https:\/\/schema.org","@graph":[{"@type":"WebPage","@id":"https:\/\/revistaideas.com.ar\/","url":"https:\/\/revistaideas.com.ar\/","name":"Novedades - Ideas","isPartOf":{"@id":"https:\/\/revistaideas.com.ar\/#website"},"datePublished":"2023-04-17T12:14:27+00:00","dateModified":"2025-12-19T13:41:31+00:00","breadcrumb":{"@id":"https:\/\/revistaideas.com.ar\/#breadcrumb"},"inLanguage":"es-AR","potentialAction":[{"@type":"ReadAction","target":["https:\/\/revistaideas.com.ar\/"]}]},{"@type":"BreadcrumbList","@id":"https:\/\/revistaideas.com.ar\/#breadcrumb","itemListElement":[{"@type":"ListItem","position":1,"name":"Inicio","item":"https:\/\/revistaideas.com.ar\/"},{"@type":"ListItem","position":2,"name":"Novedades"}]},{"@type":"WebSite","@id":"https:\/\/revistaideas.com.ar\/#website","url":"https:\/\/revistaideas.com.ar\/","name":"Ideas, revista de filosof\u00eda moderna y contempor\u00e1nea","description":"Revista de filosof\u00eda moderna y contempor\u00e1nea","publisher":{"@id":"https:\/\/revistaideas.com.ar\/#organization"},"potentialAction":[{"@type":"SearchAction","target":{"@type":"EntryPoint","urlTemplate":"https:\/\/revistaideas.com.ar\/?s={search_term_string}"},"query-input":"required name=search_term_string"}],"inLanguage":"es-AR"},{"@type":"Organization","@id":"https:\/\/revistaideas.com.ar\/#organization","name":"RAGIF Ediciones","url":"https:\/\/revistaideas.com.ar\/","logo":{"@type":"ImageObject","inLanguage":"es-AR","@id":"https:\/\/revistaideas.com.ar\/#\/schema\/logo\/image\/","url":"https:\/\/revistaideas.com.ar\/wp-content\/uploads\/2023\/09\/RAGIFlogo-set.jpg","contentUrl":"https:\/\/revistaideas.com.ar\/wp-content\/uploads\/2023\/09\/RAGIFlogo-set.jpg","width":2362,"height":2362,"caption":"RAGIF Ediciones"},"image":{"@id":"https:\/\/revistaideas.com.ar\/#\/schema\/logo\/image\/"},"sameAs":["https:\/\/www.facebook.com\/ideas.revista.de.filosofia","https:\/\/www.instagram.com\/revista_ideas\/"]}]}},"_links":{"self":[{"href":"https:\/\/revistaideas.com.ar\/index.php?rest_route=\/wp\/v2\/pages\/65"}],"collection":[{"href":"https:\/\/revistaideas.com.ar\/index.php?rest_route=\/wp\/v2\/pages"}],"about":[{"href":"https:\/\/revistaideas.com.ar\/index.php?rest_route=\/wp\/v2\/types\/page"}],"author":[{"embeddable":true,"href":"https:\/\/revistaideas.com.ar\/index.php?rest_route=\/wp\/v2\/users\/1"}],"replies":[{"embeddable":true,"href":"https:\/\/revistaideas.com.ar\/index.php?rest_route=%2Fwp%2Fv2%2Fcomments&post=65"}],"version-history":[{"count":188,"href":"https:\/\/revistaideas.com.ar\/index.php?rest_route=\/wp\/v2\/pages\/65\/revisions"}],"predecessor-version":[{"id":498,"href":"https:\/\/revistaideas.com.ar\/index.php?rest_route=\/wp\/v2\/pages\/65\/revisions\/498"}],"wp:attachment":[{"href":"https:\/\/revistaideas.com.ar\/index.php?rest_route=%2Fwp%2Fv2%2Fmedia&parent=65"}],"curies":[{"name":"wp","href":"https:\/\/api.w.org\/{rel}","templated":true}]}}